rime factors of 673?
673
List the prime factors of 9866.
2, 4933
List the prime factors of 24853.
29, 857
List the prime factors of 41342.
2, 7, 2953
What are the prime factors of 1820?
2, 5, 7, 13
What are the prime factors of 5077?
5077
List the prime factors of 169260.
2, 3, 5, 7, 13, 31
List the prime factors of 598.
2, 13, 23
What are the prime factors of 395?
5, 79
List the prime factors of 2855.
5, 571
What are the prime factors of 102?
2, 3, 17
List the prime factors of 45436.
2, 37, 307
What are the prime factors of 34428?
2, 3, 19, 151
What are the prime factors of 398?
2, 199
List the prime factors of 2770.
2, 5, 277
List the prime factors of 1423.
1423
What are the prime factors of 2353?
13, 181
List the prime factors of 349.
349
What are the prime factors of 1120?
2, 5, 7
What are the prime factors of 1962?
2, 3, 109
List the prime factors of 26766.
2, 3, 1487
What are the prime factors of 96340?
2, 5, 4817
What are the prime factors of 6863?
6863
What are the prime factors of 279?
3, 31
What are the prime factors of 10031?
7, 1433
What are the prime factors of 6247?
6247
What are the prime factors of 698?
2, 349
List the prime factors of 13919.
31, 449
What are the prime factors of 1013?
1013
List the prime factors of 636.
2, 3, 53
List the prime factors of 44929.
179, 251
What are the prime factors of 610?
2, 5, 61
What are the prime factors of 2070?
2, 3, 5, 23
What are the prime factors of 1667?
1667
What are the prime factors of 39016?
2, 4877
What are the prime factors of 19703?
17, 19, 61
List the prime factors of 7442.
2, 61
List the prime factors of 21487.
21487
List the prime factors of 7543.
19, 397
What are the prime factors of 354?
2, 3, 59
What are the prime factors of 6154?
2, 17, 181
What are the prime factors of 23795?
5, 4759
List the prime factors of 1353.
3, 11, 41
List the prime factors of 3576.
2, 3, 149
What are the prime factors of 26837?
47, 571
List the prime factors of 17186.
2, 13, 661
What are the prime factors of 24?
2, 3
What are the prime factors of 1136?
2, 71
What are the prime factors of 26027?
17, 1531
List the prime factors of 1348.
2, 337
What are the prime factors of 1478?
2, 739
List the prime factors of 1097.
1097
List the prime factors of 118075.
5, 4723
What are the prime factors of 1449?
3, 7, 23
What are the prime factors of 4706?
2, 13, 181
What are the prime factors of 7226?
2, 3613
What are the prime factors of 6020?
2, 5, 7, 43
List the prime factors of 21126.
2, 3, 7, 503
List the prime factors of 20125.
5, 7, 23
List the prime factors of 17953.
13, 1381
What are the prime factors of 48114?
2, 3, 11
What are the prime factors of 2138?
2, 1069
What are the prime factors of 8844?
2, 3, 11, 67
List the prime factors of 11031.
3, 3677
List the prime factors of 3282.
2, 3, 547
List the prime factors of 744.
2, 3, 31
List the prime factors of 17593.
73, 241
What are the prime factors of 59335?
5, 11867
List the prime factors of 899.
29, 31
List the prime factors of 8998.
2, 11, 409
What are the prime factors of 3507?
3, 7, 167
List the prime factors of 3982.
2, 11, 181
List the prime factors of 66563.
7, 37, 257
List the prime factors of 24208.
2, 17, 89
What are the prime factors of 2686?
2, 17, 79
List the prime factors of 255.
3, 5, 17
List the prime factors of 71844.
2, 3, 5987
What are the prime factors of 120351?
3, 7, 11, 521
List the prime factors of 27759.
3, 19, 487
What are the prime factors of 34860?
2, 3, 5, 7, 83
What are the prime factors of 18771?
3, 6257
What are the prime factors of 5040?
2, 3, 5, 7
List the prime factors of 843.
3, 281
What are the prime factors of 2039?
2039
List the prime factors of 8061.
3, 2687
List the prime factors of 423.
3, 47
What are the prime factors of 3135?
3, 5, 11, 19
What are the prime factors of 1516?
2, 379
List the prime factors of 1530.
2, 3, 5, 17
List the prime factors of 1446.
2, 3, 241
What are the prime factors of 5770?
2, 5, 577
List the prime factors of 32467.
32467
List the prime factors of 53854.
2, 26927
List the prime factors of 761.
761
List the prime factors of 1046.
2, 523
List the prime factors of 8875.
5, 71
What are the prime factors of 47095?
5, 9419
List the prime factors of 3644.
2, 911
List the prime factors of 2177.
7, 311
What are the prime factors of 2683?
2683
What are the prime factors of 3588?
2, 3, 13, 23
List the prime factors of 83.
83
List the prime factors of 1038.
2, 3, 173
List the prime factors of 73184.
2, 2287
What are the prime factors of 1175?
5, 47
List the prime factors of 374.
2, 11, 17
List the prime factors of 9468.
2, 3, 263
List the prime factors of 577.
577
List the prime factors of 7718.
2, 17, 227
List the prime factors of 14170.
2, 5, 13, 109
What are the prime factors of 6026?
2, 23, 131
What are the prime factors of 13302?
2, 3, 739
List the prime factors of 2042.
2, 1021
List the prime factors of 11.
11
What are the prime factors of 37551?
3, 12517
List the prime factors of 1260.
2, 3, 5, 7
List the prime factors of 790.
2, 5, 79
What are the prime factors of 644?
2, 7, 23
What are the prime factors of 9797?
97, 101
What are the prime factors of 81173?
81173
What are the prime factors of 243?
3
List the prime factors of 1668.
2, 3, 139
What are the prime factors of 589?
19, 31
List the prime factors of 1992.
2, 3, 83
What are the prime factors of 68592?
2, 3, 1429
List the prime factors of 228.
2, 3, 19
List the prime factors of 121123.
121123
What are the prime factors of 1884?
2, 3, 157
What are the prime factors of 147706?
2, 13, 19, 23
List the prime factors of 9116.
2, 43, 53
List the prime factors of 20466.
2, 3, 379
What are the prime factors of 4674?
2, 3, 19, 41
List the prime factors of 45780.
2, 3, 5, 7, 109
List the prime factors of 10747.
11, 977
List the prime factors of 1825.
5, 73
List the prime factors of 99.
3, 11
List the prime factors of 22675.
5, 907
What are the prime factors of 1114?
2, 557
What are the prime factors of 15050?
2, 5, 7, 43
List the prime factors of 969.
3, 17, 19
List the prime factors of 70761.
3, 103, 229
What are the prime factors of 49980?
2, 3, 5, 7, 17
What are the prime factors of 10413?
3, 13, 89
List the prime factors of 701.
701
List the prime factors of 101706.
2, 3, 11, 23, 67
List the prime factors of 1256.
2, 157
List the prime factors of 1870.
2, 5, 11, 17
List the prime factors of 24044.
2, 6011
What are the prime factors of 1980?
2, 3, 5, 11
List the prime factors of 798.
2, 3, 7, 19
What are the prime factors of 32694?
2, 3, 5449
What are the prime factors of 26418?
2, 3, 7, 17, 37
What are the prime factors of 1285?
5, 257
What are the prime factors of 42339?
3, 11, 1283
What are the prime factors of 930?
2, 3, 5, 31
What are the prime factors of 6996?
2, 3, 11, 53
What are the prime factors of 2977?
13, 229
List the prime factors of 394.
2, 197
List the prime factors of 34573.
7, 11, 449
What are the prime factors of 3900?
2, 3, 5, 13
List the prime factors of 9051.
3, 7, 431
What are the prime factors of 3213?
3, 7, 17
What are the prime factors of 4672?
2, 73
What are the prime factors of 4927?
13, 379
What are the prime factors of 1235?
5, 13, 19
What are the prime factors of 8633?
89, 97
List the prime factors of 4112.
2, 257
List the prime factors of 32369.
32369
What are the prime factors of 2151?
3, 239
What are the prime factors of 2144?
2, 67
List the prime factors of 3110.
2, 5, 311
List the prime factors of 8860.
2, 5, 443
List the prime factors of 41625.
3, 5, 37
List the prime factors of 907.
907
What are the prime factors of 1420?
2, 5, 71
What are the prime factors of 69095?
5, 13, 1063
What are the prime factors of 40878?
2, 3, 757
List the prime factors of 18995.
5, 29, 131
What are the prime factors of 33889?
33889
List the prime factors of 25462.
2, 29, 439
What are the prime factors of 1139?
17, 67
What are the prime factors of 8341?
19, 439
What are the prime factors of 896?
2, 7
List the prime factors of 5699.
41, 139
List the prime factors of 6144.
2, 3
What are the prime factors of 13975?
5, 13, 43
What are the prime factors of 3913?
7, 13, 43
List the prime factors of 5623.
5623
What are the prime factors of 38545?
5, 13, 593
What are the prime factors of 77?
7, 11
What are the prime factors o